{"id":6476,"date":"2018-04-19T10:44:05","date_gmt":"2018-04-19T10:44:05","guid":{"rendered":"https:\/\/www.pyhtaanvuokramokit.fi\/?page_id=6476"},"modified":"2025-11-04T19:55:02","modified_gmt":"2025-11-04T17:55:02","slug":"vuosisopimus","status":"publish","type":"page","link":"https:\/\/www.pyhtaanvuokramokit.fi\/en\/vuosisopimus\/","title":{"rendered":"Vuosisopimus \/ kuukausisopimus"},"content":{"rendered":"\n<p class=\"has-text-align-center has-white-background-color has-text-color has-background has-x-large-font-size\" style=\"color:#f6951c\"><strong>Vuosisopimus \/ kuukausisopimus<\/strong><\/p>\n\n\n\n<div class=\"wp-block-columns is-layout-flex wp-container-core-columns-is-layout-9d6595d7 wp-block-columns-is-layout-flex\">\n<div class=\"wp-block-column is-layout-flow wp-block-column-is-layout-flow\">\n<p>Oletko aina halunnut m\u00f6kin, mutta oikean m\u00f6kin sek\u00e4 sijainnin l\u00f6yt\u00e4minen sek\u00e4 lainan saaminen ja kilpailutus on haastavaa. Lis\u00e4ksi olet kiinni hankinnassasi useita vuosia. Ja jos paikka ei miellyt\u00e4kk\u00e4\u00e4n. Tai haluat nauttia ainoastaan m\u00f6kkeilyst\u00e4 kes\u00e4kautena. M\u00f6kin varustelusta ja tienhoidosta puhumattakaan. Meill\u00e4 on t\u00e4h\u00e4n loistava ratkaisu!<\/p>\n\n\n\n<p class=\"has-text-align-left\">Vuokraa meilt\u00e4 m\u00f6kki vuodeksi, puoleksi vuodeksi tai kuukaudeksi kerrallaan.<\/p>\n\n\n\n<p class=\"has-text-align-left\">Sopimus sitoo sinut ainoastaan sovitulle ajalle. Voit ilmoittaa meille kuukausi ennen vuosisopimuksen p\u00e4\u00e4ttymist\u00e4, jos haluat jatkaa tai lopettaa vuokraamisen.<\/p>\n<\/div>\n\n\n\n<div class=\"wp-block-column is-layout-flow wp-block-column-is-layout-flow\">\n<p class=\"has-text-align-left\">Ei lainakuluja, ei sitoutumista vuosiksi, ei myymisen ongelmia. Ja m\u00f6kin varustelusta huolehdimme me. M\u00f6kin voit vuokrata kalustettuna tai tyhj\u00e4n\u00e4, mik\u00e4 sinulle parhaiten sopii.<\/p>\n\n\n\n<p class=\"has-text-align-left\">Alla olevat vaihtoehdot ovat t\u00e4ll\u00e4 hetkell\u00e4 vuokrattuja, vapautuneita vuosisopimuksesta tai remontissa. Voit kuitenkin vuokrata mink\u00e4tahansa m\u00f6kin vuosisopimuksella. <\/p>\n\n\n\n<p class=\"has-text-align-left\">M\u00f6kki 12 on n\u00e4ht\u00e4vill\u00e4 my\u00f6s oikotie.fi- sivustolla. KATSO <a href=\"https:\/\/asunnot.oikotie.fi\/omat-ilmoitukset\/21688432\" data-type=\"URL\" data-id=\"https:\/\/asunnot.oikotie.fi\/omat-ilmoitukset\/21688432\" target=\"_blank\" rel=\"noreferrer noopener\">T\u00c4ST\u00c4<\/a><\/p>\n\n\n\n<p class=\"has-text-align-left\">Hinnat n\u00e4et m\u00f6kin omalta sivulta.<\/p>\n\n\n\n<p class=\"has-text-align-left\">Kysy lis\u00e4\u00e4 ja tutustu valikoimaamme: <a href=\"https:\/\/www.pyhtaanvuokramokit.fi\/mokit\/\" data-type=\"URL\" data-id=\"https:\/\/www.pyhtaanvuokramokit.fi\/mokit\/\" target=\"_blank\" rel=\"noreferrer noopener\">M\u00d6KIT<\/a><\/p>\n<\/div>\n<\/div>\n\n\n\n<p><\/p>\n","protected":false},"excerpt":{"rendered":"<p>Vuosisopimus \/ kuukausisopimus Oletko aina halunnut m\u00f6kin, mutta oikean m\u00f6kin sek\u00e4 sijainnin l\u00f6yt\u00e4minen sek\u00e4 lainan saaminen ja kilpailutus on haastavaa. Lis\u00e4ksi olet kiinni hankinnassasi useita vuosia. Ja jos paikka ei miellyt\u00e4kk\u00e4\u00e4n. Tai haluat nauttia ainoastaan m\u00f6kkeilyst\u00e4 kes\u00e4kautena. M\u00f6kin varustelusta ja tienhoidosta puhumattakaan. Meill\u00e4 on t\u00e4h\u00e4n loistava ratkaisu! Vuokraa meilt\u00e4 m\u00f6kki vuodeksi, puoleksi vuodeksi tai kuukaudeksi [&hellip;]<\/p>\n","protected":false},"author":1,"featured_media":0,"parent":0,"menu_order":0,"comment_status":"closed","ping_status":"closed","template":"vuosisopimus-mokit.php","meta":{"_acf_changed":false,"footnotes":""},"class_list":["post-6476","page","type-page","status-publish","hentry"],"translation":{"provider":"WPGlobus","version":"3.0.0","language":"en","enabled_languages":["fi","en"],"languages":{"fi":{"title":true,"content":true,"excerpt":false},"en":{"title":false,"content":false,"excerpt":false}}},"acf":[],"jetpack_sharing_enabled":true,"_links":{"self":[{"href":"https:\/\/www.pyhtaanvuokramokit.fi\/en\/wp-json\/wp\/v2\/pages\/6476","targetHints":{"allow":["GET"]}}],"collection":[{"href":"https:\/\/www.pyhtaanvuokramokit.fi\/en\/wp-json\/wp\/v2\/pages"}],"about":[{"href":"https:\/\/www.pyhtaanvuokramokit.fi\/en\/wp-json\/wp\/v2\/types\/page"}],"author":[{"embeddable":true,"href":"https:\/\/www.pyhtaanvuokramokit.fi\/en\/wp-json\/wp\/v2\/users\/1"}],"replies":[{"embeddable":true,"href":"https:\/\/www.pyhtaanvuokramokit.fi\/en\/wp-json\/wp\/v2\/comments?post=6476"}],"version-history":[{"count":24,"href":"https:\/\/www.pyhtaanvuokramokit.fi\/en\/wp-json\/wp\/v2\/pages\/6476\/revisions"}],"predecessor-version":[{"id":13380,"href":"https:\/\/www.pyhtaanvuokramokit.fi\/en\/wp-json\/wp\/v2\/pages\/6476\/revisions\/13380"}],"wp:attachment":[{"href":"https:\/\/www.pyhtaanvuokramokit.fi\/en\/wp-json\/wp\/v2\/media?parent=6476"}],"curies":[{"name":"wp","href":"https:\/\/api.w.org\/{rel}","templated":true}]}}

<p class="has-text-align-center has-white-background-color has-text-color has-background has-x-large-font-size" style="color:#f6951c"><strong>Vuosisopimus / kuukausisopimus</strong></p>



<div class="wp-block-columns is-layout-flex wp-container-core-columns-is-layout-9d6595d7 wp-block-columns-is-layout-flex">
<div class="wp-block-column is-layout-flow wp-block-column-is-layout-flow">
<p>Oletko aina halunnut mökin, mutta oikean mökin sekä sijainnin löytäminen sekä lainan saaminen ja kilpailutus on haastavaa. Lisäksi olet kiinni hankinnassasi useita vuosia. Ja jos paikka ei miellytäkkään. Tai haluat nauttia ainoastaan mökkeilystä kesäkautena. Mökin varustelusta ja tienhoidosta puhumattakaan. Meillä on tähän loistava ratkaisu!</p>



<p class="has-text-align-left">Vuokraa meiltä mökki vuodeksi, puoleksi vuodeksi tai kuukaudeksi kerrallaan.</p>



<p class="has-text-align-left">Sopimus sitoo sinut ainoastaan sovitulle ajalle. Voit ilmoittaa meille kuukausi ennen vuosisopimuksen päättymistä, jos haluat jatkaa tai lopettaa vuokraamisen.</p>
</div>



<div class="wp-block-column is-layout-flow wp-block-column-is-layout-flow">
<p class="has-text-align-left">Ei lainakuluja, ei sitoutumista vuosiksi, ei myymisen ongelmia. Ja mökin varustelusta huolehdimme me. Mökin voit vuokrata kalustettuna tai tyhjänä, mikä sinulle parhaiten sopii.</p>



<p class="has-text-align-left">Alla olevat vaihtoehdot ovat tällä hetkellä vuokrattuja, vapautuneita vuosisopimuksesta tai remontissa. Voit kuitenkin vuokrata minkätahansa mökin vuosisopimuksella. </p>



<p class="has-text-align-left">Mökki 12 on nähtävillä myös oikotie.fi- sivustolla. KATSO <a href="https://asunnot.oikotie.fi/omat-ilmoitukset/21688432" data-type="URL" data-id="https://asunnot.oikotie.fi/omat-ilmoitukset/21688432" target="_blank" rel="noreferrer noopener">TÄSTÄ</a></p>



<p class="has-text-align-left">Hinnat näet mökin omalta sivulta.</p>



<p class="has-text-align-left">Kysy lisää ja tutustu valikoimaamme: <a href="https://www.pyhtaanvuokramokit.fi/mokit/" data-type="URL" data-id="https://www.pyhtaanvuokramokit.fi/mokit/" target="_blank" rel="noreferrer noopener">MÖKIT</a></p>
</div>
</div>



<p></p>

<p>Vuosisopimus / kuukausisopimus Oletko aina halunnut mökin, mutta oikean mökin sekä sijainnin löytäminen sekä lainan saaminen ja kilpailutus on haastavaa. Lisäksi olet kiinni hankinnassasi useita vuosia. Ja jos paikka ei miellytäkkään. Tai haluat nauttia ainoastaan mökkeilystä kesäkautena. Mökin varustelusta ja tienhoidosta puhumattakaan. Meillä on tähän loistava ratkaisu! Vuokraa meiltä mökki vuodeksi, puoleksi vuodeksi tai kuukaudeksi [&hellip;]</p>
